 15.
-177c
What is -100100 (base 3) in base 5?
-2002
Convert 23751 (base 9) to base 2.
11111000110010
What is 35251 (base 6) in base 10?
5071
What is -3100002 (base 4) in base 8?
-32002
-1212222222 (base 3) to base 10
-37178
What is 11010110 (base 2) in base 3?
21221
Convert -204 (base 11) to base 6.
-1050
6b0e (base 15) to base 2
101100011010011
What is 143104 (base 5) in base 4?
1132031
What is -101000101000000 (base 2) in base 5?
-1131200
-553 (base 7) to base 6
-1151
Convert -1230 (base 5) to base 14.
-d8
What is -3c1 (base 13) in base 6?
-3024
11212220 (base 3) to base 15
10c6
Convert 301455 (base 7) to base 2.
1100011100111000
1965 (base 11) to base 7
10156
What is -282 (base 12) in base 10?
-386
Convert -a685 (base 14) to base 3.
-1110102012
What is -144 (base 15) in base 5?
-2124
What is 13201 (base 4) in base 16?
1e1
What is 1001110101101 (base 2) in base 11?
386a
What is 231111 (base 6) in base 16?
4cf3
-61c (base 13) to base 8
-2017
What is -1333203 (base 4) in base 16?
-1fe3
12221 (base 8) to base 16
1491
What is -12e (base 16) in base 7?
-611
What is -23415 (base 7) in base 5?
-143124
What is -73070 (base 8) in base 12?
-15620
-20318 (base 9) to base 14
-4c3c
2318 (base 11) to base 10
3044
-961 (base 13) to base 12
-b14
Convert -20331 (base 6) to base 9.
-3651
What is a988 (base 13) in base 11?
16808
-22221102 (base 3) to base 5
-202033
-2315 (base 6) to base 3
-202102
Convert 2473 (base 14) to base 12.
3831
-211010 (base 3) to base 7
-1512
-2ca (base 16) to base 13
-42c
-137 (base 10) to base 14
-9b
What is 42c (base 14) in base 16?
338
45242 (base 8) to base 12
b082
Convert -1620 (base 11) to base 14.
-a87
Convert -2bb (base 12) to base 4.
-12233
Convert 11423 (base 6) to base 3.
2021220
What is 11001000100100 (base 2) in base 14?
496c
What is 15707 (base 9) in base 13?
4ba3
Convert 17735 (base 9) to base 13.
5774
What is 12873 (base 12) in base 3?
1021212220
5350 (base 13) to base 4
2310211
Convert 63b0 (base 13) to base 4.
3120020
40f (base 16) to base 9
1374
Convert -4032 (base 6) to base 7.
-2402
What is 9332 (base 14) in base 6?
313132
234411 (base 5) to base 11
6618
Convert -4390 (base 13) to base 3.
-110220121
Convert -24402 (base 5) to base 6.
-12324
What is -202b (base 13) in base 2?
-1000101001111
-1010101 (base 2) to base 6
-221
Convert -100001111000 (base 2) to base 15.
-998
What is -39b (base 12) in base 11?
-461
What is -27 (base 16) in base 14?
-2b
What is 388c (base 14) in base 3?
111121120
Convert -729 (base 12) to base 15.
-496
What is 3214410 (base 5) in base 14?
15b47
Convert -4bae (base 15) to base 2.
-11111100001011
Convert -1121 (base 4) to base 8.
-131
3855 (base 10) to base 15
1220
Convert -241 (base 10) to base 12.
-181
Convert 112231 (base 6) to base 12.
5677
What is 63 (base 10) in base 7?
120
What is 1b44 (base 13) in base 8?
10020
What is -776 (base 13) in base 6?
-5532
Convert -104002 (base 6) to base 12.
-5002
What is -110000110 (base 2) in base 15?
-1b0
What is 4d3f (base 16) in base 7?
111440
-88 (base 16) to base 11
-114
Convert -291 (base 11) to base 14.
-1a6
What is 1111422 (base 5) in base 7?
111115
Convert -11011100100 (base 2) to base 9.
-2370
1742 (base 8) to base 13
5b6
286b (base 16) to base 10
10347
What is 6e4 (base 15) in base 14?
7da
-91a9 (base 12) to base 3
-210201010
-7210 (base 10) to base 16
-1c2a
What is -22a7 (base 15) in base 5?
-213412
What is 111 (base 16) in base 7?
540
-10010011000 (base 2) to base 16
-498
5027 (base 8) to base 3
10112200
Convert 120102 (base 3) to base 12.
2a8
Convert 3444 (base 10) to base 7.
13020
1043 (base 7) to base 13
22a
Convert 240d (base 15) to base 10.
7663
What is 526 (base 7) in base 8?
411
What is 3087 (base 13) in base 16?
1a2e
Convert 297a (base 12) to base 11.
3706
2304314 (base 5) to base 8
120371
What is -1100110001101 (base 2) in base 5?
-202131
What is -20a1 (base 14) in base 3?
-21201111
What is 3042 (base 5) in base 8?
615
What is 7538 (base 14) in base 5?
1121423
What is 111 (base 2) in base 13?
7
What is -30211 (base 4) in base 16?
-325
What is 2b9 (base 15) in base 14?
328
Convert -3141 (base 5) to base 12.
-2b1
What is 1a82c (base 13) in base 3?
2122020000
717 (base 12) to base 9
1361
42b (base 12) to base 2
1001100011
Convert -368 (base 12) to base 5.
-4022
-41151 (base 9) to base 15
-806a
What is -131132 (base 4) in base 2?
-11101011110
Convert 24356 (base 8) to base 5.
313403
What is 9942 (base 11) in base 5?
404424
Convert 2302 (base 8) to base 2.
10011000010
What is -252 (base 6) in base 15?
-6e
-104 (base 16) to base 9
-318
Convert 25804 (base 9) to base 16.
440b
What is -41131 (base 5) in base 2?
-101001101010
Convert -2b2 (base 13) to base 6.
-2123
Convert -919 (base 13) to base 15.
-6cd
-186 (base 12) to base 6
-1050
Convert -786 (base 15) to base 8.
-3245
What is 100142 (base 5) in base 13?
15a0
What is 100010110 (base 2) in base 7?
545
What is -3112343 (base 5) in base 13?
-1a280
-340 (base 9) to base 11
-234
113166 (base 8) to base 4
21121312
What is 244220 (base 6) in base 4?
11102310
-191 (base 13) to base 3
-101122
Convert 88665 (base 9) to base 7.
333422
Convert 379c (base 15) to base 7.
46353
6534 (base 10) to base 15
1e09
Convert -3169 (base 15) to base 5.
-313244
What is -50546 (base 9) in base 2?
-1000000111100100
Convert 5373 (base 8) to base 2.
101011111011
Convert -7d26 (base 14) to base 8.
-52436
10011011000011101 (base 2) to base 8
233035
Convert 216 (base 9) to base 13.
108
What is -20221002 (base 3) in base 14?
-1bab
-21221 (base 4) to base 11
-511
What is -111 (base 10) in base 8?
-157
What is 8c23 (base 14) in base 5?
1234320
Convert 67e (base 16) to base 11.
1281
Convert 403 (base 15) to base 13.
546
Convert -11183 (base 9) to base 3.
-101012210
Convert -101223 (base 4) to base 14.
-5ab
What is -36b (base 12) in base 10?
-515
Convert -aec5 (base 16) to base 3.
-2021101002
What is -27b2 (base 14) in base 10?
-7016
Convert 853 (base 15) to base 10.
1878
What is 53015 (base 7) in base 3?
122220012
Convert -11100001 (base 2) to base 10.
-225
What is -46733 (base 9) in base 8?
-74757
Convert -111010000111 (base 2) to base 3.
-12002202
What is 22210022 (base 3) in base 10?
6407
Convert 1736 (base 9) to base 6.
10053
What is f (base 16) in base 13?
12
What is -262530 (base 7) in base 12?
-24410
What is -33645 (base 8) in base 9?
-21477
What is 9a (base 15) in base 7?
265
-46 (base 14) to base 9
-68
What is -3640 (base 8) in base 15?
-8a2
Convert 419 (base 10) to base 8.
643
Convert -3310 (base 15) to base 6.
-122023
1001011010011 (base 2) to base 11
3691
What is 6612 (base 7) in base 12?
1449
Convert 334 (base 10) to base 9.
411
Convert -1342335 (base 6) to base 2.
-10010011111010011
63220 (base 8) to base 2
110011010010000
Convert 33041 (base 5) to base 9.
3103
Convert 19ac (base 15) to base 8.
12672
What is 1433 (base 10) in base 15?
658
What is -93a (base 15) in base 9?
-2761
What is -11411 (base 5) in base 3?
-1011201
What is 3729 (base 10) in base 3?
12010010
23330 (base 6) to base 9
4550
Convert -221 (base 13) to base 7.
-1031
110001010100 (base 2) to base 6
22340
-946 (base 10) to base 15
-431
120d3 (base 15) to base 16
e0e5
-cc5 (base 14) to base 4
-213131
174c8 (base 14) to base 11
40019
What is 302220 (base 5) in base 14?
375b
Convert -441 (base 5) to base 16.
-79
What is 3a40 (base 13) in base 2?
10000010001101
120301 (base 4) to base 6
11201
-79a (base 13) to base 10
-1310
Convert 3169 (base 10) to base 3.
11100101
What is 355 (base 6) in base 5?
1033
What is 6 (base 9) in base 10?
6
222024 (base 5) to base 15
2479
What is -cc2 (base 13) in base 8?
-4212
What is -b2da (base 15) in base 2?
-1001001110010100
303354 (base 7) to base 14
14b64
What is -100202011 (base 3) in base 4?
-1233001
100301 (base 7) to base 11
11814
What is 1110121010 (base 3) in base 6?
341350
What is -2240 (base 16) in base 7?
-34364
Convert -1110010 (base 2) to base 8.
-162
What is -70982 (base 10) in base 2?
-10001010101000110
Convert -76099 (base 10) to base 4.
-102211003
What is -94 (base 16) in base 2?
-10010100
302 (base 11) to base 6
1405
-10001 (base 5) to base 7
-1553
Convert -2375 (base 12) to base 4.
-332021
Convert -16c2 (base 13) to base 2.
-110100101001
What is -3131100 (base 4) in base 7?
-56166
Convert